1?
-10132133220011
In base 10, what is 439 - 6509?
-6070
In base 9, what is 2441715 - 64?
2441641
In base 16, what is 3 + -19f0d38?
-19f0d35
In base 3, what is -100 - 10212120101121100?
-10212120101121200
In base 2, what is 10110101110 - 1100100101110001?
-1100001111000011
In base 15, what is -237b822 - -8?
-237b819
In base 11, what is -375975 - -18?
-375958
In base 2, what is -1011010010010101000 + 1111?
-1011010010010011001
In base 12, what is -2 + -59a29906?
-59a29908
In base 4, what is 10121 - -1110020312?
1110031033
In base 13, what is 3 - b5c1b54?
-b5c1b51
In base 16, what is -5d - 3288?
-32e5
In base 11, what is 4 + 1526525a?
15265263
In base 4, what is 22 - 2030301300?
-2030301212
In base 15, what is 5199465 + 6?
519946b
In base 4, what is -2 - -102032103120?
102032103112
In base 16, what is -332ca + 13e?
-3318c
In base 16, what is 90c - -8b6?
11c2
In base 6, what is 422205524 - 4?
422205520
In base 12, what is 21602 + 239b?
239a1
In base 13, what is -139809 + 6?
-139803
In base 10, what is 35923017 + 4?
35923021
In base 4, what is 132211 - 3231213?
-3033002
In base 7, what is 5 - 20462353?
-20462345
In base 10, what is 134634030 + -2?
134634028
In base 6, what is 5133553520 - -15?
5133553535
In base 9, what is -105822 - -60?
-105752
In base 11, what is 3 + -4252711?
-4252709
In base 10, what is 5 + 10283571?
10283576
In base 8, what is -135170445 - -5?
-135170440
In base 15, what is 3 + -2420d1?
-2420cd
In base 5, what is -14 + -10122313111?
-10122313130
In base 15, what is 1dc6a0 - 15?
1dc68a
In base 13, what is 1 + -11530838?
-11530837
In base 4, what is -2032103311 + -1220?
-2032111131
In base 2, what is -1000000100001010011111100 + -10100?
-1000000100001010100010000
In base 12, what is -1a856 + 6?
-1a850
In base 7, what is -13165621 + 40?
-13165551
In base 6, what is 1534433511 + 0?
1534433511
In base 4, what is 22000232021 - -33?
22000232120
In base 2, what is 100 - 111001011001010110101001?
-111001011001010110100101
In base 9, what is 25157 + 24313?
50471
In base 6, what is 3331 - -135531?
143302
In base 8, what is -51776075 + 2?
-51776073
In base 11, what is a0 + -3a5a45?
-3a5955
In base 13, what is -2 - -1763cc23?
1763cc21
In base 9, what is 17310 - 871?
16328
In base 8, what is 1 + 1634364246?
1634364247
In base 14, what is 20 + 215609?
215629
In base 4, what is -101000 + 1320312310?
1320211310
In base 2, what is -10010111110110101010010010 + 10?
-10010111110110101010010000
In base 2, what is -1001110101011110001001 + 100?
-1001110101011110000101
In base 15, what is -159512eb - 1?
-159512ec
In base 12, what is -b4 - 766b?
-7763
In base 4, what is 3 - 1213031312020?
-1213031312011
In base 15, what is -5 - -1a01665?
1a01660
In base 5, what is -2130320304 + 0?
-2130320304
In base 6, what is 54040 + -454?
53142
In base 16, what is -81 - 5696a?
-569eb
In base 3, what is 10111202022010 + 210?
10111202022220
In base 8, what is -215 - -13022?
12605
In base 9, what is 5 + -544641?
-544635
In base 6, what is 343312321514 - 2?
343312321512
In base 13, what is -1 - 269200?
-269201
In base 14, what is 31 + 980ca?
9811b
In base 5, what is -1404030134043 - -4?
-1404030134034
In base 6, what is 25 + -432441?
-432412
In base 5, what is 1 + -2302120414?
-2302120413
In base 7, what is -36560 - 12653?
-52543
In base 5, what is -2422320 - -3040?
-2414230
In base 8, what is 121 - -1601035?
1601156
In base 2, what is -111100011 - -10110011110111?
10101100010100
In base 8, what is -12125527375 - -1?
-12125527374
In base 16, what is -fc34b + 6?
-fc345
In base 6, what is 13303155 + -212?
13302543
In base 3, what is -20 - -202121020122010110?
202121020122010020
In base 15, what is -2de1 - -1c1?
-2c20
In base 2, what is 10111101 - -100011010111111100?
100011011010111001
In base 10, what is -7 - -3492382?
3492375
In base 13, what is -45 + c6477?
c6432
In base 12, what is 1478988 - 3?
1478985
In base 5, what is 320 + -11230433322?
-11230433002
In base 12, what is 0 - 235230?
-235230
In base 15, what is -8b6 - b4a?
-1511
In base 7, what is -31 + -645620?
-645651
In base 12, what is -3 - 7650209?
-7650210
In base 14, what is 3 + 7ba6b?
7ba70
In base 11, what is 3462 - 1032a?
-7978
In base 3, what is -20111 - 211022120102?
-211022210220
In base 12, what is a630001b + 0?
a630001b
In base 6, what is 1540140 - -1553?
1542133
In base 13, what is -6b - 7577?
-7615
In base 6, what is 1523 + 1033253?
1035220
In base 13, what is -24678b1 - -3?
-24678ab
In base 7, what is 4421 - -3630?
11351
In base 15, what is acba6 + 60?
acc16
In base 9, what is 3 - -1031476538?
1031476542
In base 11, what is -1257550 - 29?
-1257579
In base 10, what is -1518089 - 123?
-1518212
In base 3, what is 112112022012002101 + 2?
112112022012002110
In base 2, what is 100110100111100001111000000111 - -10?
100110100111100001111000001001
In base 16, what is -1 - 3481307?
-3481308
In base 11, what is -52 + -a7596?
-a7638
In base 13, what is -2011127 - -19?
-201110b
In base 10, what is 1931395 + -407?
1930988
In base 4, what is -201033 + 1303?
-133130
In base 9, what is -8064778 - -3?
-8064775
In base 14, what is 145 - 258c3?
-2577c
In base 4, what is 300 + -232301200202?
-232301133302
In base 11, what is 1907 - -9511?
10318
In base 4, what is -1112212303002 - 0?
-1112212303002
In base 3, what is 2 - 22020000021100?
-22020000021021
In base 13, what is -1 - 1cb28b?
-1cb28c
In base 7, what is -304 - -10204431?
10204124
In base 14, what is -31bd30c + -3?
-31bd311
In base 7, what is -50032 - -35034?
-11665
In base 9, what is -24 - 12287447?
-12287472
In base 5, what is -300 + 34200034?
34144234
In base 8, what is -2167 - 16727?
-21116
In base 11, what is -a + -32a9680?
-32a968a
In base 8, what is 512772 + -4?
512766
In base 10, what is 1 - -457129640?
457129641
In base 13, what is -35ac0 - 2?
-35ac2
In base 3, what is 101022200 - 1102201?
22212222
In base 9, what is -4 - -1826475?
1826471
In base 10, what is 11808 + -1754?
10054
In base 14, what is 10d3 + -28b9d?
-27aaa
In base 15, what is -1306a41 + -6?
-1306a47
In base 5, what is -10 - 12034422024?
-12034422034
In base 6, what is 121 - 5120053?
-5115532
In base 9, what is 5355 + 310?
5665
In base 10, what is -8884783 - 2?
-8884785
In base 6, what is -50313320421 + 3?
-50313320414
In base 13, what is 38 - -1c798c?
1c79c7
In base 4, what is -20101103302 - -3?
-20101103233
In base 10, what is -53 - 146639?
-146692
In base 10, what is 41 + 3563349?
3563390
In base 12, what is -1 + -1b16987?
-1b16988
In base 5, what is -2421331211 - 20?
-2421331231
In base 11, what is 66662 + -1948?
64815
In base 3, what is 1221101 + -1111020?
110011
In base 8, what is 0 - -35171411?
35171411
In base 7, what is 4 + 2253414522?
2253414526
In base 14, what is -68847 + 20?
-68827
In base 10, what is 383 + 41622?
42005
In base 11, what is -1189 - 1578?
-2756
In base 2, what is 10011011010111101111010001 - 101?
10011011010111101111001100
In base 8, what is -7450 - 5651?
-15321
In base 2, what is 11101010010001000111010001 - 11?
11101010010001000111001110
In base 15, what is -10739 - 6da?
-10e24
In base 12, what is -2abb6a01 - -3?
-2abb69ba
In base 3, what is -12 - 211211220010200?
-211211220010212
In base 16, what is df - -84fc?
85db
In base 5, what is -200242 + -2314230?
-3020022
In base 15, what is 19 - -4047c?
40496
In base 15, what is 1a - 82ab7?
-82a9c
In base 8, what is 60642 - -4000?
64642
In base 3, what is -12 + -1112002002222?
-1112002010011
In base 13, what is 2959 + -b09?
1b50
In base 2, what is -10011010000011 + -100010110?
-10011110011001
In base 2, what is -111011101111110111110 - 1110?
-111011101111111001100
In base 11, what is -a210792 - 23?
-a210805
In base 7, what is -612411 - -135?
-612243
In base 6, what is 24451012 + 41?
24451053
In base 8, what is -5 + -324036352?
-324036357
In base 11, what is -276640 + -122?
-276762
In base 15, what is -26cc2 + 77?
-26c4a
In base 10, what is -8229141 + -4?
-8229145
In base 14, what is c7582 + -219?
c7367
In base 12, what is 18759 - -834?
19391
In base 3, what is -101200 - -110001012100?
110000210200
In base 6, what is -1100 - -50020325?
50015225
In base 10, what is 181 - 7710?
-7529
In base 10, what is -4 - 11694421?
-11694425
In base 3, what is -21001 - -2020202012?
2020111011
In base 12, what is -218b9 - 31?
-2